and 12.
3
What is the greatest common divisor of 594204 and 11154?
1014
Calculate the highest common factor of 1131 and 58461.
39
What is the highest common factor of 5589 and 387?
9
Calculate the greatest common factor of 657 and 53757.
9
Calculate the highest common factor of 2533 and 4369.
17
Calculate the greatest common factor of 95830 and 20.
10
Calculate the greatest common factor of 407 and 75.
1
Calculate the greatest common factor of 25376 and 1664.
416
What is the highest common factor of 33 and 1205413?
11
What is the greatest common divisor of 39 and 18707?
13
What is the highest common divisor of 5362 and 53718?
14
Calculate the highest common divisor of 13632 and 2480.
16
What is the highest common divisor of 7502 and 83006?
242
Calculate the greatest common divisor of 8341 and 6517.
19
What is the greatest common divisor of 5136 and 432?
48
What is the greatest common factor of 138 and 456?
6
Calculate the highest common factor of 2298 and 1586769.
1149
What is the greatest common factor of 6963434 and 46?
46
Calculate the highest common factor of 3068 and 4.
4
Calculate the greatest common factor of 9632 and 13201.
43
What is the greatest common factor of 174 and 213414?
6
What is the greatest common divisor of 1001 and 69839?
77
Calculate the greatest common factor of 500630 and 2080.
130
What is the greatest common divisor of 1053 and 120510?
117
Calculate the highest common factor of 69355 and 33.
11
Calculate the highest common divisor of 962960 and 5.
5
Calculate the greatest common divisor of 480 and 7056.
48
Calculate the highest common factor of 26418 and 136.
34
Calculate the greatest common factor of 1659 and 83958.
21
Calculate the greatest common divisor of 3014750 and 389.
389
Calculate the greatest common divisor of 140 and 76685.
35
What is the greatest common divisor of 240 and 188040?
120
What is the highest common divisor of 46851 and 2576?
161
What is the greatest common divisor of 10380 and 945?
15
What is the greatest common factor of 584 and 107164?
292
What is the greatest common divisor of 31860 and 551355?
885
Calculate the highest common divisor of 100 and 15470.
10
Calculate the greatest common divisor of 4678 and 54.
2
What is the greatest common factor of 1015677 and 117?
117
What is the highest common divisor of 1420334 and 25322?
2302
What is the highest common factor of 13267191 and 98?
49
Calculate the greatest common factor of 126198 and 82574.
1558
What is the greatest common divisor of 36 and 260667?
9
What is the greatest common factor of 42 and 19194?
42
What is the highest common factor of 204 and 154564?
68
Calculate the highest common factor of 11281 and 232.
29
What is the greatest common divisor of 6429 and 54?
3
What is the greatest common divisor of 42462 and 126?
126
Calculate the greatest common divisor of 84405 and 4080.
255
What is the highest common divisor of 917888 and 505?
101
Calculate the greatest common factor of 153 and 114036.
51
Calculate the highest common factor of 1369467 and 1166.
583
Calculate the greatest common factor of 19 and 311809.
19
What is the greatest common divisor of 14567 and 287?
7
What is the highest common factor of 26462 and 55544?
262
What is the highest common divisor of 892722 and 18?
6
Calculate the highest common factor of 20200 and 925.
25
Calculate the highest common factor of 2302321 and 469.
469
Calculate the highest common divisor of 979569 and 6.
3
Calculate the highest common factor of 7760 and 4464.
16
What is the greatest common factor of 74104 and 1416?
472
Calculate the greatest common factor of 393510 and 260.
130
Calculate the greatest common divisor of 3211 and 397319.
169
Calculate the greatest common factor of 6 and 526326.
6
What is the highest common factor of 18 and 214209?
9
Calculate the highest common factor of 35850 and 239.
239
Calculate the greatest common divisor of 247 and 44525.
13
What is the highest common divisor of 4323 and 38511?
33
What is the highest common divisor of 336 and 96411?
21
What is the greatest common divisor of 98426 and 58?
58
What is the highest common factor of 7225 and 10?
5
Calculate the greatest common divisor of 99630 and 51840.
810
What is the greatest common divisor of 7021 and 476?
119
Calculate the greatest common factor of 208198 and 6970.
82
What is the highest common factor of 20 and 1454540?
20
What is the highest common divisor of 248936 and 174?
58
Calculate the highest common factor of 3732 and 1968.
12
What is the greatest common divisor of 23452 and 1640?
164
Calculate the highest common divisor of 8288 and 336.
112
Calculate the greatest common factor of 233 and 1009.
1
What is the greatest common factor of 65 and 2329015?
65
Calculate the highest common divisor of 536 and 24254.
134
Calculate the highest common divisor of 754 and 962.
26
Calculate the highest common factor of 5240 and 160.
40
Calculate the greatest common factor of 1545 and 255.
15
What is the highest common factor of 8895038 and 1142?
1142
Calculate the greatest common divisor of 456664 and 416.
104
Calculate the greatest common factor of 119620 and 540.
20
Calculate the greatest common divisor of 23318 and 2096.
262
Calculate the greatest common factor of 7040 and 1040.
80
Calculate the greatest common factor of 1573 and 5819.
11
Calculate the highest common factor of 68471 and 18549.
229
Calculate the highest common divisor of 3920 and 93520.
560
What is the highest common factor of 9195 and 3840?
15
Calculate the highest common divisor of 654 and 133743.
327
Calculate the highest common divisor of 3136 and 2548.
196
What is the highest common factor of 67980 and 297?
33
Calculate the greatest common divisor of 1044 and 180.
36
What is the highest common divisor of 49590 and 580?
290
Calculate the highest common factor of 24449 and 46.
23
Calculate the greatest common divisor of 4120 and 230.
10
Calculate the greatest common factor of 31 and 137113.
31
Calculate the greatest common factor of 119 and 76377.
7
Calculate the highest common factor of 35108 and 804.
268
Calculate the greatest common factor of 11395 and 25.
5
What is the highest common divisor of 148 and 42?
2
Calculate the greatest common factor of 204864 and 3168.
1056
What is the greatest common divisor of 168389 and 13?
13
What is the highest common divisor of 14 and 572348?
14
Calculate the highest common factor of 3530 and 1370.
10
What is the greatest common divisor of 4725 and 400?
25
What is the highest common factor of 238 and 8262?
34
Calculate the highest common factor of 836 and 169356.
44
What is the highest common factor of 644 and 5452748?
644
What is the highest common factor of 18 and 194292?
18
What is the highest common divisor of 1443 and 9?
3
Calculate the greatest common factor of 3192 and 5040.
168
Calculate the greatest common divisor of 94221 and 57.
57
Calculate the highest common divisor of 89247 and 2343.
213
What is the highest common divisor of 2221926 and 42?
42
What is the highest common factor of 19074 and 429?
33
Calculate the greatest common divisor of 11026 and 259.
37
What is the highest common divisor of 60358 and 927?
103
What is the greatest common divisor of 118912 and 64?
64
Calculate the highest common divisor of 232310 and 260.
130
What is the greatest common divisor of 574 and 2730?
14
What is the highest common factor of 83712 and 144?
48
What is the greatest common factor of 629980 and 130?
130
Calculate the greatest common factor of 1250 and 14710.
10
Calculate the highest common divisor of 762 and 212090.
254
Calculate the highest common factor of 114 and 26754.
6
Calculate the highest common divisor of 442630 and 10.
10
Calculate the greatest common factor of 397846 and 67.
67
Calculate the greatest common divisor of 3525 and 42.
3
What is the greatest common divisor of 39 and 577?
1
What is the highest common factor of 13005 and 173655?
765
What is the greatest common factor of 42 and 690?
6
What is the highest common divisor of 1551 and 430661?
517
Calculate the highest common divisor of 920808 and 58.
58
Calculate the greatest common factor of 104 and 147416.
8
What is the highest common factor of 24 and 16200?
24
What is the highest common factor of 40753 and 11293?
491
What is the gr